he first derivative of 5*f**2 + f + 2. Suppose -2*h = 4*b + 32, -24 = 4*h + 3*b + 15. Let y be ((-15)/10)/(h/4). What is a(y)?
11
Let n(j) = -1 - 7*j + 8*j + 0*j. Let q = 243 + -242. Give n(q).
0
Let g(m) = -2*m - 5*m + 4*m - 40 + 0*m + 0*m. Give g(-9).
-13
Suppose 3 = -f + 7, -7 = s - f. Let m be -4*((-3)/4 - s). Let n = m - -10. Let p(w) = -4*w**2 - 1. Calculate p(n).
-5
Let b be (-14 + 38)*(-2 + (-16)/(-6)). Suppose 2*g - b = -0*w + 5*w, -3*w - 22 = 5*g. Let v(i) be the third derivative of -i**4/24 + i**3/3 + 2*i**2. Give v(g).
4
Let u(k) = -2*k**2 - 3*k. Suppose 4*h + 36 = -3*r, -3*r + 0 = -h + 6. Let x(n) = n**2 - n - 27. Let a be x(6). Let b = a + h. Calculate u(b).
-9
Let o = -11 - -13. Let d(z) = 6*z**o - 4*z**2 + 8 - 2*z**2 + z**2 - 7*z. What is d(6)?
2
Let j(f) = -144*f - 1163. Let y be j(-8). Let z(b) = 3*b + 34. Calculate z(y).
1
Let u(j) = -j**3 - 6*j**2 + 2*j + 5. Suppose 0 = 5*a + 99 - 4. Let g = a + 13. What is u(g)?
-7
Let m(f) = f**3 + 8 + 3*f**2 + 2*f**2 - 3. Let n = 13 - 3. Suppose g + g = -n. Determine m(g).
5
Let u(n) = 205 - 403 + n + n**2 - n**3 + 197. Let g = -3 - -4. Calculate u(g).
0
Let m(w) be the second derivative of 2*w**3/3 + 4*w**2 + 19*w. Calculate m(-8).
-24
Let j be (-3)/135*108/(-48). Let w(s) be the third derivative of 0*s + j*s**5 + 7*s**2 + 1/6*s**3 - 1/8*s**4 + 0. Determine w(2).
7
Let q(i) = 4*i - 4. Let c(t) = -t + 1. Let f(y) = 5*c(y) + q(y). Suppose -z - 66 = -4*z. Suppose a = 3*o + 10, 3*a + 13 = -4*o - z. Calculate f(o).
6
Let n = 22 - 11. Suppose n*g - 14*g + 72 = 0. Suppose -g = -b + 5*b. Let a(p) = p**3 + 6*p**2 - p - 3. Give a(b).
3
Let q(f) be the first derivative of 3*f**2/2 - 64*f + 10. Calculate q(19).
-7
Let t be 2/(-12*3/(-126)). Let g(v) be the first derivative of 1/3*v**3 + 1/4*v**4 - 1/2*v**2 + 4 - t*v. Determine g(0).
-7
Let w(p) be the second derivative of -p + 0 + 7/2*p**2 + 1/6*p**3. Let o(q) = -13*q + 84. Let n be o(7). Determine w(n).
0
Let f(t) = -4*t - 3. Suppose -127 - 138 = 5*d. Let s = -55 - d. Determine f(s).
5
Let s be (-177)/(-57) + 4/(-38). Let w(c) = 1 + 4*c**2 - 7 - 1 + 3 - 3*c - c**3. Calculate w(s).
-4
Let c = -337 - -1349/4. Let l(f) be the first derivative of -7 - 2*f**2 + f - c*f**4 + 2*f**3. Give l(5).
6
Let m(j) = 3*j + 13. Let n(z) = -19*z - 85. Let t(h) = -39*m(h) - 6*n(h). What is t(4)?
-9
Let l(i) = -i**2 + 7*i + 10. Let f(x) = 2*x**2 + 11*x + 19. Let m be f(-4). Determine l(m).
10
Let l(z) = -2*z**3 + 3*z**2 - 2*z + 1. Let f be l(0). Let s(g) = 7*g**2 - 6*g + 5. What is s(f)?
6
Let c(g) = -6 - 7*g**3 + g + 10*g**2 + 19*g**3 - 5*g**3 - 8*g**3. Let d be c(10). Let t(f) be the first derivative of f**2/2 + 3*f + 1. Determine t(d).
7
Let f(l) = -8*l. Suppose c + 2 = -x + 2*c, -5*c + 2 = -x. Let y be (7 - 1)*1/(-2). Let w = x - y. Calculate f(w).
-8
Let w(r) = -2 + 0*r - 4*r + 5*r. Suppose -90 = -12*q - 3*q. Calculate w(q).
4
Let k(n) = -33 - 30 - 37 + 129 - 9*n - 31. Give k(1).
-11
Suppose 0 = t - 0*t. Suppose t = 6*h + 1 - 19. Let d(u) = 4*u**3 + 7*u - 5*u**2 - 9*u**3 - u**h + 5*u**3 + 6. Determine d(-6).
0
Let l(q) be the first derivative of -q**4/4 + q**3/3 + q**2 + q + 820. Let a(f) = -5*f - f**3 - 1 + 5*f**2 + 6*f + 5*f. Let o be a(6). Determine l(o).
1
Let d(n) = -n**3 - 21*n**2 - n - 25. Let w be 282/(-940) + 414/(-20). What is d(w)?
-4
Suppose -7 = -3*m - 1. Let c = 29 - 24. Let q(v) = 3 + c*v - 9*v - v. Calculate q(m).
-7
Let c(w) = w - 3. Let n(d) = -1. Let g(j) = -c(j) - 2*n(j). What is g(4)?
1
Let d(q) = 2*q + 9*q - 4*q + 4 - 8*q. What is d(-6)?
10
Let j(d) = 10*d - 6. Let u be j(1). Let a(x) = -x**3 + 5*x**2 - 2*x - 5. Give a(u).
3
Let b(p) = p**2 - 6*p - 6. Let f = -148 + 154. What is b(f)?
-6
Suppose 3*i + 3*p = 0, 0 = -2*i - 4*p + p - 2. Let a(m) = 3 - 42*m - 34*m + 63*m. Calculate a(i).
-23
Let z(v) = 7*v**3 - 12*v**2 + v - 13. Let a(q) = 10*q**3 - 18*q**2 + q - 19. Let j(n) = -5*a(n) + 7*z(n). Determine j(3).
37
Suppose -42 + 48 = 3*r. Let s(n) = n**3 - n**2 + 2*n - 1. Calculate s(r).
7
Let a(n) = 5 - 3*n + 3*n - n. Let o be (-664)/(-830) + 72/10. What is a(o)?
-3
Let y(a) be the second derivative of a**7/2520 - a**6/120 + a**5/120 - a**4/2 - 13*a. Let n(o) be the third derivative of y(o). Give n(5).
-4
Let b(p) = -914*p - 915. Let j be b(-1). Let i(w) = -1 - 12*w**3 - w**2 - w**2 - 3*w + w. What is i(j)?
11
Let v(j) = j**3 + 2*j + 1. Suppose g = 2*q + 6, 4*q + 2*g - 19 = -23. Calculate v(q).
-11
Suppose 3*a - 3 = 3. Let v be (1/2*a)/(4/12). Let h(n) = -2*n + 3. Give h(v).
-3
Let q(d) = -18*d. Let u = 187 + -189. Give q(u).
36
Let p(x) = 4*x - 7. Let c(b) = 7*b - 13. Let s be 0*(-4)/(-16)*-1. Suppose 4*m - 5 - 7 = s. Let h(u) = m*c(u) - 5*p(u). Calculate h(0).
-4
Let k(g) = -g - 2. Suppose l + 2*i = i - 3, 5*l = -i - 35. Let p be 23/(-3) - l/12 - -3. Determine k(p).
2
Let g(j) = -2*j**2 - 12*j + 3. Let z be g(-6). Suppose -z*i + 0 = 3. Let y(v) = -4*v**2 - v - 1. Determine y(i).
-4
Suppose -8 = -2*k - 2*c, -2*k + 4*c = 1 - 9. Let b(r) = r**3 - 1947*r + 1947*r + 4 - k*r**2. Calculate b(4).
4
Suppose -2*t + 5*b - 49 = 0, 4*t + 92 = 8*b - 4*b. Let d(u) = u**2 + 20*u - 40. What is d(t)?
4
Let j(y) = -7*y**2 - 4*y + 2. Let x be ((-17)/(-136))/(2/16). What is j(x)?
-9
Let v be (2 - 1)/((-2)/(-8)). Let x(g) = -v*g + 7 + 7*g**2 + 0*g - g**3 + 0*g + 3*g. What is x(7)?
0
Let o(y) = -y**3 + 9*y**2 + 10*y - 3. Let i be o(10). Let m(k) = -4*k + 7*k - 5*k - 5*k**2 + 2*k**2. What is m(i)?
-21
Let l = 8 + 4. Let a = 7 - l. Let g(i) = 5*i**3 + 5*i**2. Let m(k) = -9*k**3 - 10*k**2 + 1. Let v(s) = -7*g(s) - 4*m(s). Determine v(a).
-4
Let r(o) = 2*o - 19. Let v(m) = -m + 10. Let q(k) = -2*r(k) - 5*v(k). Suppose 5*l + 60 - 25 = 0. Let s = 0 - l. Give q(s).
-5
Let x(o) = -o**2 + 13*o - 20. Let w(h) = h**2 - 12*h + 23. Let t(p) = 4*w(p) + 5*x(p). What is t(16)?
8
Let p(l) = -4*l**2 + 5*l - 3. Suppose 0 = -u - 5*z - 6 - 1, 3*u + 2*z = 5. Suppose -g + u*g = 6. Calculate p(g).
-24
Suppose 38 = 2*y + 4*l, -2*y = -7*y - l + 50. Let d(g) = 3 + 2*g + y + 3*g**2 - 11. What is d(-1)?
2
Let u(o) = o**2 + 8*o + 6. Let h = -55 - -48. Give u(h).
-1
Let q = 45 + -42. Let s(o) = -4*o**2 - 5*o + 2 + o**q - 8 + 2*o**2 - 3*o**2. What is s(6)?
0
Let b(n) = -n - 2. Let x(r) = 4*r**2 - r + 1. Let z be x(3). Let m = z - 25. Suppose -8*c + m*c - 6 = 0. Give b(c).
-8
Suppose 0 = -2*w + w - 1. Let v(h) = -4457*h**2 + 4456*h**2 - h**3 - 4*h**3 - 6*h**3. Calculate v(w).
10
Let z be (17/(595/28))/(2/(-5)). Let y(w) = 4*w + 1. Determine y(z).
-7
Let l(m) = -m**3 + 3*m**2 - m - 1. Suppose -2*u + 5 - 1 = 0. Let f(t) = -t**3 - 6*t**2 - 11*t - 5. Let o be f(-4). Let p be o/u - 12/24. Determine l(p).
-4
Let s(h) be the third derivative of h**4/12 + 5*h**3/6 + 7*h**2 - 4*h. Determine s(9).
23
Let y(u) be the second derivative of -u**5/20 + u**4/2 - u**3 + 2*u**2 - 17*u. Suppose 0 = 4*q + 2*x - x - 18, 2*q = -x + 8. What is y(q)?
-1
Let t be 2 - -4*(-2)/(-4). Suppose 4*r + 3*k - 30 = 15, -r - t*k = -21. Let p(w) = w - 6. What is p(r)?
3
Let d = -13 + 15. Let w(z) be the third derivative of 13*z**4/24 - z**3/6 + 68*z**2 + z. What is w(d)?
25
Let d(s) = -s**3 + 6*s + 5. Suppose -26*o + 31*o + 3*f = -18, 4*o + 13 = -f. Give d(o).
14
Let n be (3 + 2 - 3) + (7 - 1). Let m(u) = -3*u - 3. Let f(s) = 4*s + 2. Let w(c) = -5*f(c) - 6*m(c). Determine w(n).
-8
Let x(g) be the second derivative of 5*g**3/6 - 3*g**2 - 7*g. Let z(i) = 9*i - 12. Let w(o) = 5*x(o) - 3*z(o). Suppose 2*c - 4*c + 12 = 0. Calculate w(c).
-6
Let f = 3 + 4. Suppose g - f = -1. Let k(z) = g - z**2 - 14 - z + 2*z. Determine k(0).
-8
Suppose -2*z + 5 = g - 4, -24 = -3*z - 5*g. Let v(p) = -10 + 3*p**2 - 4*p**2 + 3*p**z + p - 2*p**3. Give v(0).
-10
Let m(j) = 16*j - 16. Suppose -8*r = -2 - 14. Let o(x) = 3*x - 3. Let t(d) = r*m(d) - 11*o(d). Calculate t(1).
0
Suppose 2*s - 9 = -5*h, 0*s + 3*s - 7 = -h. Let g(o) = 0*o**s - 2653*o**3 + 2 + 0*o**2 + 2654*o**3. What is g(2)?
10
Let d(m) = -4*m**2 + 4*m - 3. Let w be ((-2)/(-8))/((-1)/(-12)). Let g(t) = 3*t**2 - 3*t + 2. Let j(q) = w*g(q) + 2*d(q). Determine j(4).
12
Let f(w) = -w**3 - 5*w**2 + 7*w + 5. Let n = 22 - 11. Let x = n + -11. Let j(b) = b**3 - b**2 - 6. Let u be j(x). Give f(u).
-1
Let p(b) = -b**3 - b**2 + 2*b - 1. Let d(l) = l**3 + 11*l**2 - 7*l + 62. Let h be d(-12). Calculate p(h)